) = -2*m(x) + 7*q(x). Give k(-6).
-10
Let i(o) be the second derivative of -1/3*o**4 - 3*o**2 + 0 - 1/20*o**5 + 4*o + 1/3*o**3. Let q(l) = -l + 1. Let s be q(6). Give i(s).
9
Suppose -5*b + 14 = 34, -5*r = -3*b - 17. Let j be 5 - 1 - (-1 + r). Suppose 0*m + j*m - 20 = 0. Let y(o) = -o**2 + 4*o + 6. Calculate y(m).
1
Let i(x) be the first derivative of -x**5/30 - x**4/8 + x**3/2 - 3*x**2/2 - 2. Let b(c) be the second derivative of i(c). Suppose 0*v + 3 = -v. Give b(v).
-6
Let r(c) = -c**2 - c - 4. Let z(d) = 3*d**2 + d + 9. Let y(l) = -7*r(l) - 3*z(l). Give y(3).
-5
Let l(t) = t**3 + 5*t**2 - t + 4. Let m(a) = 3*a + 4. Let p be m(-3). Calculate l(p).
9
Let f(w) = -3*w - 4. Let j be f(-3). Let u(k) be the second derivative of -k**5/20 + 5*k**4/12 + k**3/6 - 5*k**2/2 + 4*k. Calculate u(j).
0
Let x(i) = -7*i**3 - i**2 + 3*i - 3. Let l(q) = -3*q**3 - q**2 + 2*q - 2. Let c(v) = 5*l(v) - 2*x(v). Suppose 5*p - 4 = -24. Determine c(p).
-4
Suppose 5*v = 5*u + 40, v - 24 = 3*u - 6. Let n(g) = -2 + 3*g - 2*g - v. What is n(4)?
-1
Let y(d) be the third derivative of -d**5/60 + d**4/8 - d**3/3 + 2*d**2. Let q be y(3). Let x(a) = 3*a**2 + 2*a + 1. What is x(q)?
9
Let i(k) = 122*k + 114*k + 120*k - 354*k + 6. Determine i(-7).
-8
Let x(q) = 8*q + 1. Let k be 1/((-1)/1*-1). Let w be 0/(4 + -1) + 3. Suppose 2 = -w*y - k. Determine x(y).
-7
Let t(x) = x**3 + 3*x + 0*x**3 - 5 + 13*x**2 + 9*x. Let n be t(-12). Let z(m) = m + 12. What is z(n)?
7
Let f be 3 - ((-20)/(-5) - 6). Let p(k) = k**2 - k + 2. Give p(f).
22
Let t(w) be the second derivative of -w**5/10 + w**4/6 - w**2/2 - 17*w + 3. What is t(1)?
-1
Let c(g) = -11 + 2 + 4*g - 3*g + 19. What is c(-6)?
4
Let x(v) = -v**3 - 8*v**2 + 3*v + 4. Let y(n) = 2*n**3 + 15*n**2 - 5*n - 8. Let b(g) = 7*x(g) + 4*y(g). Determine b(-4).
-8
Let i(u) = u. Let r(n) = -n**3 - 14*n - 7*n**2 + 2*n**2 + 6*n - 7. Let q(f) = -5*i(f) - r(f). Determine q(-5).
-8
Let u(m) be the first derivative of 1/3*m**3 - 3 + 3*m - 3*m**2. Suppose -6*f - r + 7 = -3*f, 3*f + 2*r - 2 = 0. Determine u(f).
-5
Let g(r) be the first derivative of 7*r**6/360 - r**5/120 - 5*r**3/3 + 2. Let f(z) be the third derivative of g(z). Give f(-1).
8
Suppose 0*l = -4*l + 20. Let r(z) = -1 - 3*z + 0 - z + l*z. Give r(-4).
-5
Let c(n) be the third derivative of 7*n**4/24 - 12*n**2. Determine c(-1).
-7
Let z = 7 + -6. Let s(k) = 0*k - 3 + z - k**2 - 2*k - 1. What is s(-3)?
-6
Let b(c) = -c**2 + c + 1. Let m(w) = 3*w**2 + 5*w + 6. Let x(o) = 6*b(o) - m(o). Suppose 0 = -5*j - 2 + 7. Calculate x(j).
-8
Suppose -c = 3*i + i + 20, 4*i = -5*c - 20. Let l(s) = -2*s**3 + 2*s**3 + 5*s**3 + 2*s**2 + c*s**2 - 1. Determine l(1).
6
Let b(s) = 9*s - 7. Let k(u) = -5*u + 4. Let g(c) = -4*b(c) - 7*k(c). Let f(y) = -y - 6. Let n be f(-8). What is g(n)?
-2
Let o(z) be the first derivative of -z**2/2 + 8*z - 17. Give o(7).
1
Suppose 8 = -4*h, h = 3*u + 4 - 18. Let z(y) = 4*y - 7. Let q(s) = -11*s + 20. Let a(w) = 3*q(w) + 8*z(w). Determine a(u).
0
Let i be 2*12/(-32)*-4. Let d(j) = -j**3 + j**2 + 2*j + 4. What is d(i)?
-8
Suppose -y = 3*y + 20, -4*d - 3*y = 39. Let q(u) = -18 + u - u**2 + 0*u + 17. Let k(s) = 5*s**2 + 3*s + 6. Let x(h) = -k(h) - 4*q(h). What is x(d)?
4
Let u(v) = v**2 + 5*v. Suppose 36 = -t - 5*t. Calculate u(t).
6
Suppose 5*t - 30 = -10. Suppose -5 + 13 = -t*i, 3*k + 5 = 2*i. Let n = -3 - k. Let d(r) = -r**3 + r**2 - r. Determine d(n).
0
Suppose -4 = -3*b + 2. Let j(i) = -4 - 3*i - b*i + 0*i + i**2. Let p be j(6). Let l(m) = -m - 2. What is l(p)?
-4
Let a(q) = 8*q**2 + 5. Let y(d) = 7*d**2 + d + 5. Let n(h) = 6*a(h) - 7*y(h). Suppose 25 = 5*b, 5*j + 4*b = 16 - 76. Let k be (-4)/j*-2*10. Determine n(k).
5
Let q(y) = y**3 - 9*y**2 - 11*y + 8. Let s be (-3)/((-21)/10)*(8 + -1). Calculate q(s).
-2
Let n(f) = f**2 + 7*f - 6. Let k(z) = -z**2 + 8*z + 26. Let t be k(11). Calculate n(t).
-6
Let h(v) = -v**2 + 6*v - 1. Let g(r) = -2*r**2 - 5*r - 17. Let x(t) = -t**2 - 3*t - 9. Let m(i) = -3*g(i) + 5*x(i). Let w be m(0). Determine h(w).
-1
Let f(t) = -7*t**2 + t - 3. Let n(x) = x**2 + x. Let l(j) = -f(j) - 3*n(j). What is l(2)?
11
Let i(r) be the first derivative of -r**2/2 + 3*r - 1. Let d(n) = -n. Let l(t) = -2*t + 8. Let h be l(6). Let m be d(h). Give i(m).
-1
Let m(x) = -x**3 + 6*x**2 + 3*x - 4. Let f be 4*(4/8 - -1). What is m(f)?
14
Suppose 0 = 7*h - 81 + 18. Let q(k) = k**2 - 8*k - 12. Determine q(h).
-3
Let a(g) = -g**2 + 4*g - 2. Let b(c) = 2*c**2 + 5*c - 4. Let f(m) = -m**2 + 5*m + 2. Let s be f(6). Let y be b(s). Let v be 5*5/(50/y). Calculate a(v).
-2
Let s(k) = -k**2 + k + 6. Suppose -2 = -4*l + 10. Suppose 2*i - 5 = -5*x - 2*i, -4*x + 5 = l*i. Suppose x*t - 15 = 2*f, f - 15 = -4*f - 5*t. Calculate s(f).
6
Let g(q) = q - 4. Let l = -14 + 17. Suppose l = 2*w + 9. Give g(w).
-7
Let f(n) = -5*n**3 - n + 0*n**2 + 2*n**2 + 4*n**3 - n**2 + 4. Let i(a) be the second derivative of a**3/6 - 3*a**2/2 - a. Let k be i(3). Calculate f(k).
4
Let v(h) be the third derivative of 0*h - 1/15*h**5 + 0*h**3 + 0 - 1/8*h**4 - 1/120*h**6 - 4*h**2. Give v(-3).
0
Let y = -7 - -10. Let v(k) = -1 - k + y*k + 0*k - k. Give v(5).
4
Let k be 3 + -2 + 4/1. Let z(m) be the second derivative of m**4/12 - m**3/2 + m**2 - 3*m. Let v(g) be the first derivative of z(g). Determine v(k).
7
Let k(l) = -7*l**2 + 7*l - 4. Let r(y) = 8*y**2 - 8*y + 5. Let z be (-8)/(-2) + 2 + 1. Let a(c) = z*k(c) + 6*r(c). What is a(4)?
-10
Let v be (-2 + 1)*(1 - 0). Let f be (-70)/7*2/(-4). Let n(l) = -l - l + f*l + l. Give n(v).
-4
Let j(v) = -v**2 - 12. Let x(h) = -h**2 - 11. Let y(l) = -4*j(l) + 3*x(l). What is y(0)?
15
Let s(v) = v**3 - 5*v**2 + v - 6. Let h be 5/(-2)*-2*(35 + -34). Give s(h).
-1
Let d(q) = q**2 + 6*q + 2. Suppose -2*o - 7 = 2*m + 9, 5*m + 2*o = -37. Give d(m).
9
Let z(s) = -s**2 - 6*s - 1. Suppose 4*a - 4*m + 7 - 31 = 0, 0 = -a - 3*m + 2. Suppose 0 = -5*k + 4*x - 13, 0 = -a*x - 1 - 14. Calculate z(k).
4
Let u be -1*2*(-12)/(-8) + 1. Let b(s) = -s**2 - 1. Calculate b(u).
-5
Let g(d) = -7*d**3 + 4*d**2 - 10*d - 2. Let n = 0 - -6. Let p(z) = 8*z**3 - 5*z**2 + 11*z + 2. Let a(f) = n*p(f) + 7*g(f). What is a(-2)?
6
Let m(u) be the third derivative of -u**6/120 + u**5/60 - u**4/24 - u**3/3 + 3*u**2. Let p(n) = -n + 2. Let s be p(2). Calculate m(s).
-2
Let q(w) = w**2 - 5*w. Let i(o) = 3*o. Let z(r) = -5*i(r) - 3*q(r). What is z(1)?
-3
Let h(b) be the third derivative of b**6/120 + b**5/30 - b**4/8 - 2*b**3/3 + 28*b**2 + 2*b. Determine h(-3).
-4
Let d be 8/(-28) - 27/(-21). Let u(g) be the second derivative of 2*g**3/3 - g**2/2 + 2*g. Give u(d).
3
Let i(z) = z**2 + 22 - 6*z - 17 + 0*z**2. Determine i(4).
-3
Let d(r) = r**3 + 3*r**2 - 2*r - 2. Suppose -10 = -3*x - 19. What is d(x)?
4
Let r = -4 - -8. Let u(d) = -2*d**3 - 4*d**2 - 2*d - 7. Let p(g) = 3*g**3 + 4*g**2 + g + 8. Let q(x) = r*u(x) + 3*p(x). Calculate q(5).
-4
Suppose 0*f = -4*f. Suppose -2*l - 8 = -f*l. Let n(s) = 2*s - 1. Determine n(l).
-9
Suppose 2*l + l = 0. Let g(p) = l - 8*p + 4 + 7*p. Determine g(3).
1
Suppose h - 6 = -2*h. Let k(d) be the second derivative of -d**4/12 + d**3/6 + d**2/2 - d. Give k(h).
-1
Let p(w) be the second derivative of -1/3*w**3 - 1/12*w**4 - 2*w + 2*w**2 + 0. Calculate p(-5).
-11
Let g be (-3 + 1)/(0 - 1). Let p = 6 - g. Let d(a) = -a. Determine d(p).
-4
Let z(u) = -15*u - 9. Let p(n) = -8*n - 5. Let t(v) = -5*p(v) + 3*z(v). Suppose 0 = -2*x - 40 - 0. Let f be (x/25)/((-2)/(-5)). Calculate t(f).
8
Let d(c) be the second derivative of 1/6*c**3 + 0 + 5/2*c**2 - c. Suppose -4*j - r - 14 = -2*r, -j + 3*r + 2 = 0. Determine d(j).
1
Let j = -5 - -9. Let d(h) be the first derivative of 5*h - 1/2*h**2 - 1. Calculate d(j).
1
Let p(j) = 5*j**3 - j**2 - 9*j + 15. Let k(b) = 2*b**3 - b**2 - 4*b + 7. Let t(v) = -7*k(v) + 3*p(v). Determine t(-3).
2
Let y = 11 + -13. Let l(x) = x**2. What is l(y)?
4
Let t(q) be the second derivative of q**3/2 - 3*q**2/2 + q. What is t(-4)?
-15
Let b(m) = 10*m**2 + 4*m - 9. Let u(k) = -4*k**2 - 2*k + 4. Let x(d) = 3*b(d) + 7*u(d). Determine x(1).
1
Let j(n) be the second derivative of 1/6*n**3 + n**2 + 0 - 6*n. Determine j(5).
7
Let k be 10/55 - 18/(-22). Suppose -3*v = -4*g + k, v = -g + 7 + 2. Let w(j) = -j - 4. Give w(v).
-9
Let n(z) = 1 - 4*z - 3*z + 4*z. Let u be n(-1). Let y(w) = 1 - 4*w**2 + 